re the prime factors of r?
5, 389
Suppose -3*c + 4789 = -0*h + 5*h, 2*h - 4 = 0. What are the prime factors of c?
3, 59
Suppose 875 + 495 = d - l, 2*d = l + 2743. List the prime factors of d.
1373
Let m(t) be the first derivative of 3*t**2/2 + 28*t - 17. List the prime factors of m(-6).
2, 5
List the prime factors of -6 - (-2)/1 - (-1 + -73).
2, 5, 7
Suppose 3*y - 7 - 20 = 0. Let m be (-452)/(-8) - y/6. Suppose 4*x - m = 3*s, 4*s = -5*x + 1 + 91. What are the prime factors of x?
2
List the prime factors of (12806/(-76))/(2/8*-2).
337
Let x be 5 - (-3)/6*-4. Let a be (2/(-3))/(-1)*x. Suppose -5*v + a*v + 9 = 0, -r = -3*v - 19. List the prime factors of r.
2, 7
What are the prime factors of ((-196)/(-84))/(1/66)?
2, 7, 11
Let f = -43 + 48. Suppose -3*d - 5*a = 10 - 56, -f*d - 2*a + 83 = 0. What are the prime factors of d?
17
Let j be -3*(-4)/(-54) + (-6526)/117. Let f = 13 - j. List the prime factors of f.
3, 23
Suppose 0 = -y + 2*y + 1. List the prime factors of 2 - -72 - (-3 - y).
2, 19
Let f(j) = 2*j**3 - 7*j**2 + 12*j - 26. Let v be f(6). Suppose -223 = -p + 2*n, 5*n + 0*n = p - v. List the prime factors of p.
13, 17
Let z(t) = t**2 - 16*t + 19. Let q be z(15). Suppose 2*a = 5*x + 69, -7*x + 151 = 4*a - q*x. What are the prime factors of a?
37
Let r(m) = 17*m + 14 + 1 + 13 - 17. List the prime factors of r(5).
2, 3
Suppose -5*i - q - 18 = 9, -4*i - q - 21 = 0. Let f be -2 + i*(-34)/2. Suppose -2*r - f + 36 = -4*o, 0 = -5*r - 10. What are the prime factors of o?
3, 5
Let p = -5 - 3. Let b be (6/p)/((-1)/4). Let q = 12 + b. List the prime factors of q.
3, 5
Let x = -90 - -274. List the prime factors of x.
2, 23
Suppose -242*k + 252*k = 2340. What are the prime factors of k?
2, 3, 13
Suppose 62*w - 41277 = 146769. What are the prime factors of w?
3, 337
Let b(p) be the first derivative of -p**2/2 - 6*p - 1. Let s be b(-7). List the prime factors of -11*s*(9 + -11).
2, 11
Suppose 5*u - 3*o + 0*o = 10, -3*u + 5*o + 6 = 0. Suppose -u*x + 39 = c, -c - 168 = -5*c - 4*x. What are the prime factors of c?
3, 5
Suppose 3*w - 907 - 4811 = 0. List the prime factors of w.
2, 953
Let l(r) = 138*r - 67. What are the prime factors of l(4)?
5, 97
Suppose 0 = 292*c - 299*c + 4599. List the prime factors of c.
3, 73
Suppose 5 + 11 = -2*z. Suppose v = 3 + 49. Let n = z + v. What are the prime factors of n?
2, 11
Let s = 29 + -28. What are the prime factors of (s + 1)/(3/24)?
2
Let u be (3 + 0)/((-6)/4). List the prime factors of u/(3/3) + 65.
3, 7
Let h(u) = 6*u + 1. Let l be h(3). Suppose 154 = 3*d + l. List the prime factors of d.
3, 5
Let t(j) = 3*j - 19. Let l be t(-6). Suppose 0 = 3*g - g + 22. Let p = g - l. What are the prime factors of p?
2, 13
Suppose 4*s + s - 240 = 0. Suppose -2*p - s = -6*p. List the prime factors of p.
2, 3
Suppose -4692 = -21*g + 9*g. Suppose 0*s + 3*p - 267 = -2*s, g = 3*s - 5*p. List the prime factors of s.
2, 3, 11
List the prime factors of -7 + (-132 - -3)*-1.
2, 61
Let l = -11 - -15. Suppose -5*h - 23 = 2*t, l*t + 14 = -h - 5. List the prime factors of -6 + 12 + 0 + h.
3
Let i(a) = a**3 + 5*a**2 + 2*a - 3. Let s be i(-4). Suppose s*f - 2*f = 1152. List the prime factors of (-2)/(-5) + f/15.
2, 13
Let r = 1872 - 554. List the prime factors of r.
2, 659
Suppose 0 = 3*p + 5*o + 22, 4*p - 20 = -p + 3*o. Suppose i - 3 + p = 0. Suppose -6 = i*w - 42. List the prime factors of w.
2, 3
Suppose -x - 2*j - 2*j = 0, -4*x = -4*j. Suppose 5*v - f - 151 = -5*f, 2*v - f - 63 = x. List the prime factors of v.
31
Let q = -81 - -149. Suppose 0*o + 2*o = q. Suppose -3*w + w = -o. What are the prime factors of w?
17
Suppose 5*z + 0*o - 5*o - 730 = 0, -5 = -5*o. Let i = z + -87. What are the prime factors of i?
2, 3, 5
Let h = -39 + 41. What are the prime factors of h?
2
Let b(x) = 29*x**2 + 2*x + 1. Suppose 4*v = -10 + 2. List the prime factors of b(v).
113
Let j(a) = 15*a**2 - 1. Suppose 0*t - 3*t = -4*m - 4, 4*m + 4 = -2*t. Suppose t = l + 4*l - 5. What are the prime factors of j(l)?
2, 7
Suppose -m - 12 = m. Let n be -8*-1*3/m. Let d = n + 33. What are the prime factors of d?
29
Let t(k) be the second derivative of k**4/12 - 2*k**3 + 15*k**2/2 + 16*k. List the prime factors of t(17).
2, 5
Let r(b) = 8*b - 7. Let p be r(3). Suppose 4*u + 24 = 4*a, 3*a + 4*u = p + 1. Let i = a + 1. List the prime factors of i.
7
Let b be (144/(-12))/((-2)/4). Suppose k - 5*k - b = 0. List the prime factors of (-2 + 1)*(-12 + k).
2, 3
Let f(c) = -c**3 - 7*c**2 + 9*c + 1. List the prime factors of f(-11).
2, 193
Suppose -363 = -2*z + 41. List the prime factors of z.
2, 101
Let p(b) = b - 1. Let l(w) = -3*w + 13. Let y(o) = l(o) + 2*p(o). What are the prime factors of y(-9)?
2, 5
Suppose 0*z - 2*z = -40. Suppose -s + z = -6*s. What are the prime factors of (-2 + s)*-2 - 0?
2, 3
Let g(s) = 11*s - 27 + 3*s + 10*s - 30*s. List the prime factors of g(-15).
3, 7
Suppose 21*d - 24*d + 3408 = 5*u, 0 = 2*d - 3*u - 2253. What are the prime factors of d?
3, 13, 29
Let i be 268/16*(1 + 3). Suppose 92 = 4*q + 2*n, 2*q - 4*n - i = -1. What are the prime factors of q?
5
Let u = 2987 - 2095. List the prime factors of u.
2, 223
Suppose 3*j - 5*h = 2 - 0, 6 = -4*j - 2*h. What are the prime factors of (-3)/j + (-665*1)/(-7)?
2, 7
Let n = -1541 + 3972. List the prime factors of n.
11, 13, 17
Let c(n) = n**2 + 5*n - 1. Let i(p) = -p**2 - 2*p + 9. Let x be i(0). What are the prime factors of c(x)?
5
Suppose -a + 3*d = -0*a + 8, -3*a - 84 = 3*d. Let o be (-12)/84 - 30/(-14). Let n = o - a. List the prime factors of n.
5
Let x = -56 - -158. Suppose 33 - x = -3*f. Let w = -1 + f. What are the prime factors of w?
2, 11
Let a(p) = 5*p. List the prime factors of a(5).
5
What are the prime factors of 3/(-9)*-1*141?
47
Let z = 67 - -70. List the prime factors of z.
137
Suppose 33*x + 5012 = 47*x. List the prime factors of x.
2, 179
Let u be (-103)/(-2)*(-3 + 5). Let t = -36 + u. What are the prime factors of t?
67
Suppose 3*x = 5*o - 3*o + 4984, -1663 = -x + o. What are the prime factors of x?
2, 829
What are the prime factors of 12 + 5/4*-4?
7
Suppose 3*u = -82 - 5. Let a = u - -34. Suppose o = -4*o + a*v + 375, -o - 4*v = -65. List the prime factors of o.
73
Let j(o) = o**3 - 4*o**2 - o + 2. Let c be j(7). List the prime factors of c*4*(-5)/(-40).
71
Suppose -d + 4*v - 16 = -5*d, -5*d + 20 = 3*v. Let s(z) = 4*z**3 - 3*z**2 - 2*z - 1. List the prime factors of s(d).
199
Suppose -t + 4*t = 3*l - 6, l + 1 = -2*t. List the prime factors of (206/(-2))/1*t.
103
Let b = -4351 + 6165. List the prime factors of b.
2, 907
Let z be ((-1646)/5)/((-42)/(-15) + -3). Suppose -10*f = -574 - z. What are the prime factors of f?
2, 3, 37
Let q = -574 + 980. What are the prime factors of q?
2, 7, 29
Let m(h) = -281*h - 73. What are the prime factors of m(-8)?
3, 5, 29
Suppose v + 5*j - 169 = 0, -4*v + 925 = v + 5*j. Suppose -v = -3*g + 24. List the prime factors of g.
71
Suppose -3*d + 16 = -3*u + 4, 4*u = 2*d - 12. Suppose 5*f = -5*g + 225, -4*g + 5*g = -d. List the prime factors of f.
47
Let k(c) = -38*c + 2. What are the prime factors of k(-4)?
2, 7, 11
Suppose 69*o + 27378 = 82*o. List the prime factors of o.
2, 3, 13
Let v = 259 + 2414. What are the prime factors of v?
3, 11
Let k(v) be the second derivative of -17*v**3/6 - 19*v**2/2 + v. Let j(d) = -d**3 + 11*d**2 + 3*d + 103. Let f be j(12). List the prime factors of k(f).
2, 3, 11
Let o(u) = 8*u - 8. Let j(y) = 8*y - 9. Let l(h) = 3*j(h) - 2*o(h). List the prime factors of l(5).
29
Let l(h) = 9*h**2 - 14*h**2 - 3 + 2*h**3 - 3*h - 3*h**3 - h. Let m(j) = j**2 - 5*j - 5. Let a be m(5). What are the prime factors of l(a)?
17
Let m(f) = 85*f**2 - 3*f - 1. Let y be m(-1). Let w(g) = 15*g + 4. Let l be w(2). Let p = y - l. What are the prime factors of p?
53
Let s(k) = k**3 - 20*k**2 - 122*k + 49. What are the prime factors of s(25)?
2, 31
Suppose -3*h - 2042 = 21*g - 22*g, 3*g - 5*h - 6122 = 0. List the prime factors of g.
2039
Let x be 6/12 - (-334)/(-4). Let t = -54 - x. List the prime factors of t.
29
What are the prime factors of (-5)/(20/(-12)) + 1 + 916?
2, 5, 23
Let f = 750 + 523. List the prime factors of f.
19, 67
Let t(i) = -i - 2. Let h be t(-4). Let k be (10/(-5) - -1)*-3. Suppose h*y + k*y - 45 = 0. What are the prime factors of y?
3
Suppose 